 162 + -170. Let t be 7/(-8) - (455/56 + l). Let c(a) = 29*a**2 + 2*a + 1. What is c(t)?
28
Let n(m) be the second derivative of -m**4/12 + 22*m**3/3 - 197*m**2/2 + 8268*m. Calculate n(39).
-2
Let a(b) = b**3 - 4*b**2 - 8*b. Let l(o) = -o**3 - 54*o**2 + 295*o + 7. Let r be l(-59). Give a(r).
91
Let w(k) = -341 - 340 + 8*k + 681. Determine w(-2).
-16
Let b(c) be the third derivative of -1/60*c**5 - 1/15*c**6 + 1/6*c**3 + 0*c + 2*c**2 + 0*c**4 + 98. Determine b(1).
-8
Let a(s) = 8*s**3 + 11*s**2 - 7*s + 81. Let k(r) = 3*r**3 + 5*r**2 - 3*r + 33. Let o(b) = -2*a(b) + 5*k(b). Suppose -4*l + 12 + 0 = -5*g, 4*g = 0. What is o(l)?
0
Let i(z) = 4*z**2 - 1 - 351*z + 348*z - 3*z**2. Let t(b) be the second derivative of b**5/20 + b**4/3 + b**3/6 - 3*b**2/2 + 4*b. Let q be t(-3). Give i(q).
-1
Let b(h) = 5*h**3 - 2*h**3 - 2*h**3 - 3*h**2 + 2 - 2*h**3 - h. Let g be (9 - (-7 + 4))*(-5)/(-10). Let k be (30/(-20))/(3/g). Determine b(k).
5
Let p(y) = -3 + 7*y**2 - y**3 - 9*y + 0*y - 7*y - 10 + 48. Give p(6).
-25
Let u = 39 + -29. Suppose 4*l = -2*y - 0*l + u, -5*l - 26 = -3*y. Let x(k) = -k**2 + 6*k - 6. Determine x(y).
-13
Let k(r) = -1 - r**3 - 8*r**2 + 108*r + 18*r**2 - 112*r - 7*r**2. What is k(4)?
-33
Let i(c) = -798*c**3 - 651*c**3 + 6*c + 1450*c**3 + 186 - 2*c. Give i(0).
186
Suppose -19 = 15*n - 64. Let z(j) = 3*j**2 - 6*j + 5. Let o be z(n). Let s(r) = r - 6. Determine s(o).
8
Let n(k) = -7*k - 8*k + 9114 - 9118. Let i(b) = 32*b + 6. Let m(o) = 6*i(o) + 13*n(o). Give m(-7).
5
Let k be 6960/493 - (-2)/(-17). Let a be -7 - 14/(k/(-2)). Let x(y) = -y**2 - 5*y - 4. Calculate x(a).
-4
Let j = -7686 - -7684. Let t(q) = q**2 - 11*q - 17. Determine t(j).
9
Let i(t) = t**2 + 3*t - 3. Suppose -b = -35 + 30. Let s be (28/(-42))/(1 + b/(-6)). Give i(s).
1
Let q = -85 + 90. Let l(a) = 20*a - 6. Let m(h) = -30*h + 9. Let s(i) = q*m(i) + 7*l(i). What is s(3)?
-27
Let t(b) = 6*b - 39. Let j(r) = 5*r - 31. Let x(m) = 5*j(m) - 4*t(m). Suppose 2*y + 0*i - 5*i + 1 = 0, -y = -3*i. Determine x(y).
-2
Let d(p) be the third derivative of -p**7/2520 - p**6/120 - p**5/24 - 17*p**4/12 - p**3/6 - 44*p**2. Let n(l) be the second derivative of d(l). Calculate n(-4).
3
Let g(f) = -2*f - 129 - f - 103 + 255. Calculate g(5).
8
Let d(t) = 4*t + 6. Let p = -2550 + 2537. Calculate d(p).
-46
Let x = -6057 - -6057. Let h(l) be the third derivative of -8*l**2 + x + 0*l + 1/24*l**4 - 2/3*l**3. What is h(10)?
6
Suppose 28 - 82 = 27*c. Let f(q) = 4 - 2*q - 16*q**2 - 5 + 6*q**2 + 9*q**2. Calculate f(c).
-1
Let k(u) = u**2 - 32*u + 63. Suppose -5*o - 4*d + 107 + 63 = 0, -175 = -5*o - 5*d. What is k(o)?
3
Let v(t) = t**2 + 3*t - 3. Let m(c) = c**2 - 3*c + 2. Suppose 5*z + 6 = 3*u, -5*z - 8 = -6*u + 2*u. Let h be m(z). Calculate v(h).
7
Let f(r) = r**2 - 6*r + 9. Suppose -5*s + 15 - 70 = 0. Let m(z) = 3*z**2 - 34*z + 28. Let t be m(11). Let p = s + t. Determine f(p).
9
Let j(o) = 131*o - 99. Let q(s) = -20*s + 1. Let w(g) = j(g) + 6*q(g). Give w(9).
6
Suppose 0 = -5*z + 29 + 1. Let m(l) be the second derivative of 5*l**3/6 - 4*l**2 + 9360*l. Calculate m(z).
22
Let x(h) = 6*h**2 + 5*h - 2. Suppose -i - 7 = 3. Let w = i - -14. Let t(j) = 3*j**2 + 2*j - 1. Let n(g) = w*x(g) - 9*t(g). Give n(2).
-7
Let v(g) = -2*g**2 - 118*g + 2590. Let s be v(-76). Let a(m) be the first derivative of -m**3/3 + 5*m**2/2 + 6*m - 1. What is a(s)?
0
Let w(y) = -y**2 + y. Let o(k) = -6*k**2 + 16*k. Let b(m) = -o(m) + 14*w(m). Give b(1).
-10
Suppose -b + 2 = x, -4*b - 5*x + 10 = 3. Suppose -3 = -b*l - 21. Let n be (-24)/18*l/(-4). Let t(p) = p**3 + 4*p**2 + p - 2. Give t(n).
4
Let c(g) = 2*g - 4. Let o(y) = -y - 1. Let m be o(6). Suppose 38*x + 24 = 518. Let f = x + m. Give c(f).
8
Let r(w) be the third derivative of 2*w**3 + 4/15*w**5 - 1/120*w**6 + 2/3*w**4 - 77*w**2 + 0*w + 0. Calculate r(17).
-5
Let i be 94/6 + 15/45. Let j(l) = -2 + 30*l - 5 + 0 - 15*l - i*l. What is j(5)?
-12
Let c(y) = y**2 - 9 - 4*y + 3*y + 6*y. Let l = 74344 + -74352. Calculate c(l).
15
Let w(l) = -4*l**2 - 12 - l**2 + 8*l**2 - 2*l**2 - 2*l. What is w(-3)?
3
Let z(a) = 2*a**2 - 2*a - 1. Let w = 410 - 412. Let g be (-5)/w + (15/3)/(-10). Determine z(g).
3
Let f(y) be the first derivative of -y**4 - 13*y**3/3 + 3*y - 2969. What is f(-3)?
-6
Let h(t) = -2*t**2 - 2*t + 2. Let y(f) = f**2 - 10*f - 3. Let p = -40 + 50. Let v be y(p). Let o = -1 - v. Give h(o).
-10
Let n(j) be the second derivative of 131*j + 0 - 1/12*j**4 + j**2 + 0*j**3 - 1/20*j**5. What is n(2)?
-10
Let m(s) = s**2 + s - 12. Let n(c) = -3*c**3 + 2*c**2 + c - 16. Let i(q) = -4*m(q) + 3*n(q). What is i(-1)?
12
Let b be -6*(-9 - (-28)/3) - 4. Let d(c) = -2*c**2 - 18*c - 27. Calculate d(b).
9
Suppose -4*v - 12 = 2*p, -4*v = -8*v + 3*p - 12. Let h be 261/58*((-5)/v + -1). Let a(s) = s**2 - s. Determine a(h).
6
Let b(r) = -5*r**2 + 9*r + 2. Let z(y) = 30*y**2 - 54*y - 12. Let c(n) = -13*b(n) - 2*z(n). What is c(3)?
16
Let b be 75*(-56)/348 + (-8)/(-116). Let f(n) = -n**3 - 12*n**2 + 4*n - 7. Calculate f(b).
-55
Suppose 2*i - 16 = 2. Suppose -j = 2*j - i. Let d = 10 - j. Let x(q) = q**2 - 8*q + 3. Determine x(d).
-4
Let m(x) = 2*x**2 + x - 4. Suppose 3*o + 0*b - b + 6 = 0, 0 = o - 2*b - 3. Let l be 1/(124/40 + o). Suppose -l = 4*q + 2. Calculate m(q).
11
Suppose -2*u - 2*u + 16 = 0. Suppose 4*p - k + 8 = -5*k, u*p = -3*k - 5. Let h(s) be the second derivative of -2*s**3 + 20822*s. Determine h(p).
-12
Let r(s) = -s**2 - 7*s - 12. Suppose -4*u + 5*m = -6 - 6, 4*m - 12 = -4*u. Suppose -3*h - 24 = z, -u*h - 3 = 4*z + 48. What is r(z)?
-30
Let p(a) = -1. Let m(z) = 2*z + 11. Let r(c) = -m(c) - 2*p(c). Suppose 0 = -n + 3*n + k - 1331, -2*k = -2*n + 1328. Let q = n + -673. Determine r(q).
7
Let r(a) = -83 - 86 - 1661*a**2 + a**3 - 32*a + 1685*a**2. Give r(-25).
6
Let a(f) = f**3 - f**2 + f + 1. Let q be (15/9 - 65/39)/(-7). Calculate a(q).
1
Suppose -49*x + 357 = 553. Let s(q) = -43*q - 177. Give s(x).
-5
Suppose -196 = -126*j + 28*j. Let m(k) = 8*k**3 - 2*k**2 + k + 1. Determine m(j).
59
Suppose -19 = -2*p - 31. Let i(w) be the first derivative of w**4/24 - w**3/3 - 3*w**2/2 - 6. Let b(z) be the second derivative of i(z). Determine b(p).
-8
Let u(i) = i + 8. Let n = 171 - 166. Suppose -72 - 3 = n*l. Determine u(l).
-7
Let i(u) = 2*u + 16. Let g = -375 + 380. Suppose -37*a = -g*a + 160. Determine i(a).
6
Let k(m) = m - 20. Suppose 0 = -61*w + 60*w - 110. Let o = w + 110. Calculate k(o).
-20
Let d = -264 + 268. Let v(h) = -3*h**2 - 57 + 61 + d*h**2 + 7*h. Give v(-5).
-6
Let b(p) = -4*p + 8*p + 2402*p**2 - 2403*p**2 - 10. Give b(3).
-7
Let m(q) = 3*q**3 - 4*q**2 + q + 1. Let o(p) = 16*p**3 - 19*p**2 + 6*p + 4. Let r be 1/((24/(-44))/6). Let x(k) = r*m(k) + 2*o(k). Determine x(5).
27
Let k(p) = p**2 - 23*p + 140. Let r be k(11). Let t be 3/4 + 36/16. Let y(g) = 4 - 5 + g**t - 1 - 5*g**2 - 9*g - 2*g**2. Give y(r).
-10
Let g(u) = -18*u - 31. Let f be g(-2). Suppose 0 = 3*l + 4*b + 6, -20*l + f*b + 8 = -24*l. Let p(k) = -8*k - 2. Calculate p(l).
14
Let r(f) = f**2 - 7*f + 4. Let u(n) = -n - 22. Let k(m) = -27*m - 1. Let a be k(1). Let q be u(a). Give r(q).
-2
Let j(c) = 15*c - 69 - 1179*c**2 + 393*c**2 + 394*c**2 + 23 + 390*c**2. Determine j(4).
-18
Let c(s) = 26*s + 9. Let v(x) = -58*x - 16. Let a(f) = 9*c(f) + 4*v(f). Give a(-12).
-7
Let n be 5 - (-3 + 2 + 3). Let j be (n/(15/46))/(12/30). Suppose l - j = -23. Let a(k) = k - 1. Determine a(l).
-1
Let a(c) = 8 + 594*c**2 - 199*c**2 - 196*c**2 + 16*c - 67 - 198*c**2. Give a(-17).
-42
Let o(x) be the first derivative of -251 - 1/4*x**4 + 0*x**2 + 1/3*x**3 - 7*x. Suppose 0 = f - 0*f. Calculate o(f).
-7
Let u(i) = 3*i**3 + 18*i**2 + 59*i + 4. Let h(q) = q**3 + 6*q**2 + 22*q + 1. Let f(c) = 11*h(c) - 4*u(c). Calculate f(-7).
2
Let u(n) = 2*n + 16. Let p be u(-11). Let l(a) be the third derivative of a**6/120 + 7*a**5/60 + a**4/4 + 2*a**3/3 - 1088*a**2. Determine l(p).
4
Suppose -3*i - 2*g = -7, i + 26 - 32 = 3*g. Let k(u) be the second derivative of 3*u**2 - 3*u + 0 + 1/6*u**i. What is k(0)?
6
Suppose 3*w - 37 = -4*t, -34*w + 36*w + 5*t = 41. Let x(z) = 5*z**2 - 3*z. Calculate x(w).
36
Let s(k) = k**3 + 3*k**2 + 4*k. Let p be 25/(-10) - ((-2)/(-9) - 310/180). Give s(p).
-2
Let h(c) be the first derivative of -c**3 + 39*c - 3*c**2 + 1/6*c**4 + 37. Let v